 {"id":916,"date":"2022-11-18T05:01:37","date_gmt":"2022-11-18T05:01:37","guid":{"rendered":"https:\/\/quangthinhdesign.website\/?page_id=916"},"modified":"2023-09-13T17:03:14","modified_gmt":"2023-09-13T17:03:14","slug":"logo","status":"publish","type":"page","link":"https:\/\/quangthinhdesign.website\/index.php\/cv-resume-truong-quang-thinh\/logo\/","title":{"rendered":""},"content":{"rendered":"\t\t<div data-elementor-type=\"wp-page\" data-elementor-id=\"916\" class=\"elementor elementor-916\">\n\t\t\t\t\t\t\t\t\t<section class=\"elementor-section elementor-top-section elementor-element elementor-element-30986f06 elementor-section-stretched elementor-section-boxed elementor-section-height-default elementor-section-height-default\" data-id=\"30986f06\" data-element_type=\"section\" data-settings=\"{&quot;background_background&quot;:&quot;classic&quot;,&quot;stretch_section&quot;:&quot;section-stretched&quot;}\">\n\t\t\t\t\t\t\t<div class=\"elementor-background-overlay\"><\/div>\n\t\t\t\t\t\t\t<div class=\"elementor-container elementor-column-gap-default\">\n\t\t\t\t\t<div class=\"elementor-column elementor-col-100 elementor-top-column elementor-element elementor-element-348ec94d\" data-id=\"348ec94d\" data-element_type=\"column\" data-settings=\"{&quot;background_background&quot;:&quot;classic&quot;}\">\n\t\t\t<div class=\"elementor-widget-wrap elementor-element-populated\">\n\t\t\t\t\t\t\t\t<section class=\"elementor-section elementor-inner-section elementor-element elementor-element-32e84a79 elementor-section-boxed elementor-section-height-default elementor-section-height-default\" data-id=\"32e84a79\" data-element_type=\"section\">\n\t\t\t\t\t\t<div class=\"elementor-container elementor-column-gap-default\">\n\t\t\t\t\t<div class=\"elementor-column elementor-col-100 elementor-inner-column elementor-element elementor-element-1be57136\" data-id=\"1be57136\" data-element_type=\"column\">\n\t\t\t<div class=\"elementor-widget-wrap elementor-element-populated\">\n\t\t\t\t\t\t\t\t<div class=\"elementor-element elementor-element-74f9afe9 elementor-widget elementor-widget-heading\" data-id=\"74f9afe9\" data-element_type=\"widget\" data-widget_type=\"heading.default\">\n\t\t\t\t<div class=\"elementor-widget-container\">\n\t\t\t<style>\/*! elementor - v3.8.0 - 30-10-2022 *\/\n.elementor-heading-title{padding:0;margin:0;line-height:1}.elementor-widget-heading .elementor-heading-title[class*=elementor-size-]>a{color:inherit;font-size:inherit;line-height:inherit}.elementor-widget-heading .elementor-heading-title.elementor-size-small{font-size:15px}.elementor-widget-heading .elementor-heading-title.elementor-size-medium{font-size:19px}.elementor-widget-heading .elementor-heading-title.elementor-size-large{font-size:29px}.elementor-widget-heading .elementor-heading-title.elementor-size-xl{font-size:39px}.elementor-widget-heading .elementor-heading-title.elementor-size-xxl{font-size:59px}<\/style><h2 class=\"elementor-heading-title elementor-size-default\">Logo<\/h2>\t\t<\/div>\n\t\t\t\t<\/div>\n\t\t\t\t<div class=\"elementor-element elementor-element-54737955 elementor-widget-divider--view-line elementor-widget elementor-widget-divider\" data-id=\"54737955\" data-element_type=\"widget\" data-widget_type=\"divider.default\">\n\t\t\t\t<div class=\"elementor-widget-container\">\n\t\t\t<style>\/*! elementor - v3.8.0 - 30-10-2022 *\/\n.elementor-widget-divider{--divider-border-style:none;--divider-border-width:1px;--divider-color:#2c2c2c;--divider-icon-size:20px;--divider-element-spacing:10px;--divider-pattern-height:24px;--divider-pattern-size:20px;--divider-pattern-url:none;--divider-pattern-repeat:repeat-x}.elementor-widget-divider .elementor-divider{display:-webkit-box;display:-ms-flexbox;display:flex}.elementor-widget-divider .elementor-divider__text{font-size:15px;line-height:1;max-width:95%}.elementor-widget-divider .elementor-divider__element{margin:0 var(--divider-element-spacing);-ms-flex-negative:0;flex-shrink:0}.elementor-widget-divider .elementor-icon{font-size:var(--divider-icon-size)}.elementor-widget-divider .elementor-divider-separator{display:-webkit-box;display:-ms-flexbox;display:flex;margin:0;direction:ltr}.elementor-widget-divider--view-line_icon .elementor-divider-separator,.elementor-widget-divider--view-line_text .elementor-divider-separator{-webkit-box-align:center;-ms-flex-align:center;align-items:center}.elementor-widget-divider--view-line_icon .elementor-divider-separator:after,.elementor-widget-divider--view-line_icon .elementor-divider-separator:before,.elementor-widget-divider--view-line_text .elementor-divider-separator:after,.elementor-widget-divider--view-line_text .elementor-divider-separator:before{display:block;content:\"\";border-bottom:0;-webkit-box-flex:1;-ms-flex-positive:1;flex-grow:1;border-top:var(--divider-border-width) var(--divider-border-style) var(--divider-color)}.elementor-widget-divider--element-align-left .elementor-divider .elementor-divider-separator>.elementor-divider__svg:first-of-type{-webkit-box-flex:0;-ms-flex-positive:0;flex-grow:0;-ms-flex-negative:100;flex-shrink:100}.elementor-widget-divider--element-align-left .elementor-divider-separator:before{content:none}.elementor-widget-divider--element-align-left .elementor-divider__element{margin-left:0}.elementor-widget-divider--element-align-right .elementor-divider .elementor-divider-separator>.elementor-divider__svg:last-of-type{-webkit-box-flex:0;-ms-flex-positive:0;flex-grow:0;-ms-flex-negative:100;flex-shrink:100}.elementor-widget-divider--element-align-right .elementor-divider-separator:after{content:none}.elementor-widget-divider--element-align-right .elementor-divider__element{margin-right:0}.elementor-widget-divider:not(.elementor-widget-divider--view-line_text):not(.elementor-widget-divider--view-line_icon) .elementor-divider-separator{border-top:var(--divider-border-width) var(--divider-border-style) var(--divider-color)}.elementor-widget-divider--separator-type-pattern{--divider-border-style:none}.elementor-widget-divider--separator-type-pattern.elementor-widget-divider--view-line .elementor-divider-separator,.elementor-widget-divider--separator-type-pattern:not(.elementor-widget-divider--view-line) .elementor-divider-separator:after,.elementor-widget-divider--separator-type-pattern:not(.elementor-widget-divider--view-line) .elementor-divider-separator:before,.elementor-widget-divider--separator-type-pattern:not([class*=elementor-widget-divider--view]) .elementor-divider-separator{width:100%;min-height:var(--divider-pattern-height);-webkit-mask-size:var(--divider-pattern-size) 100%;mask-size:var(--divider-pattern-size) 100%;-webkit-mask-repeat:var(--divider-pattern-repeat);mask-repeat:var(--divider-pattern-repeat);background-color:var(--divider-color);-webkit-mask-image:var(--divider-pattern-url);mask-image:var(--divider-pattern-url)}.elementor-widget-divider--no-spacing{--divider-pattern-size:auto}.elementor-widget-divider--bg-round{--divider-pattern-repeat:round}.rtl .elementor-widget-divider .elementor-divider__text{direction:rtl}.e-con-inner>.elementor-widget-divider,.e-con>.elementor-widget-divider{width:var(--container-widget-width,100%)}<\/style>\t\t<div class=\"elementor-divider\">\n\t\t\t<span class=\"elementor-divider-separator\">\n\t\t\t\t\t\t<\/span>\n\t\t<\/div>\n\t\t\t\t<\/div>\n\t\t\t\t<\/div>\n\t\t\t\t<div class=\"elementor-element elementor-element-8c2f5bb elementor-widget elementor-widget-text-editor\" data-id=\"8c2f5bb\" data-element_type=\"widget\" data-widget_type=\"text-editor.default\">\n\t\t\t\t<div class=\"elementor-widget-container\">\n\t\t\t<style>\/*! elementor - v3.8.0 - 30-10-2022 *\/\n.elementor-widget-text-editor.elementor-drop-cap-view-stacked .elementor-drop-cap{background-color:#818a91;color:#fff}.elementor-widget-text-editor.elementor-drop-cap-view-framed .elementor-drop-cap{color:#818a91;border:3px solid;background-color:transparent}.elementor-widget-text-editor:not(.elementor-drop-cap-view-default) .elementor-drop-cap{margin-top:8px}.elementor-widget-text-editor:not(.elementor-drop-cap-view-default) .elementor-drop-cap-letter{width:1em;height:1em}.elementor-widget-text-editor .elementor-drop-cap{float:left;text-align:center;line-height:1;font-size:50px}.elementor-widget-text-editor .elementor-drop-cap-letter{display:inline-block}<\/style>\t\t\t\t<p>Logo l\u00e0 bi\u1ec3u t\u01b0\u1ee3ng t\u1ea1o h\u00ecnh th\u1ea9m m\u1ef9 c\u00f3 c\u1ea5u tr\u00fac ho\u00e0n ch\u1ec9nh ch\u1ee9a \u0111\u1ef1ng m\u1ed9t l\u01b0\u1ee3ng th\u00f4ng tin h\u00e0m s\u00fac bi\u1ec3u \u0111\u1ea1t n\u0103ng l\u1ef1c ho\u1ea1t \u0111\u1ed9ng c\u1ee7a m\u1ed9t c\u00f4ng ty, t\u1ed5 ch\u1ee9c, m\u1ed9t ho\u1ea1t \u0111\u1ed9ng (cu\u1ed9c thi, phong tr\u00e0o,&#8230;) hay m\u1ed9t ban nh\u00f3m. \u1ede Vi\u1ec7t Nam, logo\u00a0c\u00f2n \u0111\u01b0\u1ee3c g\u1ecdi l\u00e0\u00a0bi\u1ec3u tr\u01b0ng.<\/p>\t\t\t\t\t\t<\/div>\n\t\t\t\t<\/div>\n\t\t\t\t\t<\/div>\n\t\t<\/div>\n\t\t\t\t\t\t\t<\/div>\n\t\t<\/section>\n\t\t\t\t<div class=\"elementor-element elementor-element-4b9b35b0 elementor-widget elementor-widget-spacer\" data-id=\"4b9b35b0\" data-element_type=\"widget\" data-widget_type=\"spacer.default\">\n\t\t\t\t<div class=\"elementor-widget-container\">\n\t\t\t<style>\/*! elementor - v3.8.0 - 30-10-2022 *\/\n.elementor-column .elementor-spacer-inner{height:var(--spacer-size)}.e-con{--container-widget-width:100%}.e-con-inner>.elementor-widget-spacer,.e-con>.elementor-widget-spacer{width:var(--container-widget-width,var(--spacer-size));-ms-flex-item-align:stretch;align-self:stretch;-ms-flex-negative:0;flex-shrink:0}.e-con-inner>.elementor-widget-spacer>.elementor-widget-container,.e-con-inner>.elementor-widget-spacer>.elementor-widget-container>.elementor-spacer,.e-con>.elementor-widget-spacer>.elementor-widget-container,.e-con>.elementor-widget-spacer>.elementor-widget-container>.elementor-spacer{height:100%}.e-con-inner>.elementor-widget-spacer>.elementor-widget-container>.elementor-spacer>.elementor-spacer-inner,.e-con>.elementor-widget-spacer>.elementor-widget-container>.elementor-spacer>.elementor-spacer-inner{height:var(--container-widget-height,var(--spacer-size))}<\/style>\t\t<div class=\"elementor-spacer\">\n\t\t\t<div class=\"elementor-spacer-inner\"><\/div>\n\t\t<\/div>\n\t\t\t\t<\/div>\n\t\t\t\t<\/div>\n\t\t\t\t<section class=\"elementor-section elementor-inner-section elementor-element elementor-element-2b9e69e5 elementor-section-full_width elementor-section-height-default elementor-section-height-default\" data-id=\"2b9e69e5\" data-element_type=\"section\">\n\t\t\t\t\t\t<div class=\"elementor-container elementor-column-gap-default\">\n\t\t\t\t\t<div class=\"elementor-column elementor-col-33 elementor-inner-column elementor-element elementor-element-100ea61c\" data-id=\"100ea61c\" data-element_type=\"column\">\n\t\t\t<div class=\"elementor-widget-wrap elementor-element-populated\">\n\t\t\t\t\t\t\t\t<div class=\"elementor-element elementor-element-7664069e elementor-widget elementor-widget-image\" data-id=\"7664069e\" data-element_type=\"widget\" data-widget_type=\"image.default\">\n\t\t\t\t<div class=\"elementor-widget-container\">\n\t\t\t<style>\/*! elementor - v3.8.0 - 30-10-2022 *\/\n.elementor-widget-image{text-align:center}.elementor-widget-image a{display:inline-block}.elementor-widget-image a img[src$=\".svg\"]{width:48px}.elementor-widget-image img{vertical-align:middle;display:inline-block}<\/style>\t\t\t\t\t\t\t\t\t\t\t\t\t<a href=\"https:\/\/quangthinhdesign.website\/wp-content\/uploads\/2022\/11\/LOGO_800x1358.jpg\" data-elementor-open-lightbox=\"yes\" data-elementor-lightbox-title=\"LOGO_800x1358\" e-action-hash=\"#elementor-action%3Aaction%3Dlightbox%26settings%3DeyJpZCI6OTM1LCJ1cmwiOiJodHRwczpcL1wvcXVhbmd0aGluaGRlc2lnbi53ZWJzaXRlXC93cC1jb250ZW50XC91cGxvYWRzXC8yMDIyXC8xMVwvTE9HT184MDB4MTM1OC5qcGcifQ%3D%3D\">\n\t\t\t\t\t\t\t<img decoding=\"async\" src=\"https:\/\/quangthinhdesign.website\/wp-content\/uploads\/elementor\/thumbs\/LOGO_800x1358-pxvnn6htgxlnlmumyc11f8jmjxl7jkx8to6b715j4c.jpg\" title=\"LOGO_800x1358\" alt=\"LOGO_800x1358\" class=\"elementor-animation-grow\" \/>\t\t\t\t\t\t\t\t<\/a>\n\t\t\t\t\t\t\t\t\t\t\t\t\t\t\t<\/div>\n\t\t\t\t<\/div>\n\t\t\t\t<div class=\"elementor-element elementor-element-14f5da3 elementor-widget elementor-widget-image\" data-id=\"14f5da3\" data-element_type=\"widget\" data-widget_type=\"image.default\">\n\t\t\t\t<div class=\"elementor-widget-container\">\n\t\t\t\t\t\t\t\t\t\t\t\t\t\t\t\t<a href=\"https:\/\/quangthinhdesign.website\/wp-content\/uploads\/2022\/11\/mk-logo-Ctour-1-1200x768-1.jpg\" data-elementor-open-lightbox=\"yes\" data-elementor-lightbox-title=\"mk-logo-Ctour-1-1200x768\" e-action-hash=\"#elementor-action%3Aaction%3Dlightbox%26settings%3DeyJpZCI6OTQzLCJ1cmwiOiJodHRwczpcL1wvcXVhbmd0aGluaGRlc2lnbi53ZWJzaXRlXC93cC1jb250ZW50XC91cGxvYWRzXC8yMDIyXC8xMVwvbWstbG9nby1DdG91ci0xLTEyMDB4NzY4LTEuanBnIn0%3D\">\n\t\t\t\t\t\t\t<img decoding=\"async\" src=\"https:\/\/quangthinhdesign.website\/wp-content\/uploads\/elementor\/thumbs\/mk-logo-Ctour-1-1200x768-1-pxvnqacqxmuvuzanjowz5wxtl2gt0ajgqpr7u9uc5c.jpg\" title=\"mk-logo-Ctour-1-1200&#215;768\" alt=\"mk-logo-Ctour-1-1200x768\" class=\"elementor-animation-grow\" \/>\t\t\t\t\t\t\t\t<\/a>\n\t\t\t\t\t\t\t\t\t\t\t\t\t\t\t<\/div>\n\t\t\t\t<\/div>\n\t\t\t\t\t<\/div>\n\t\t<\/div>\n\t\t\t\t<div class=\"elementor-column elementor-col-33 elementor-inner-column elementor-element elementor-element-40dccb33\" data-id=\"40dccb33\" data-element_type=\"column\">\n\t\t\t<div class=\"elementor-widget-wrap elementor-element-populated\">\n\t\t\t\t\t\t\t\t<div class=\"elementor-element elementor-element-593b562a elementor-widget elementor-widget-image\" data-id=\"593b562a\" data-element_type=\"widget\" data-widget_type=\"image.default\">\n\t\t\t\t<div class=\"elementor-widget-container\">\n\t\t\t\t\t\t\t\t\t\t\t\t\t\t\t\t<a href=\"https:\/\/quangthinhdesign.website\/wp-content\/uploads\/2022\/11\/Mock-up-logo-nen-den.jpg\" data-elementor-open-lightbox=\"yes\" data-elementor-lightbox-title=\"Mock-up-logo-nen-den\" e-action-hash=\"#elementor-action%3Aaction%3Dlightbox%26settings%3DeyJpZCI6OTg3LCJ1cmwiOiJodHRwczpcL1wvcXVhbmd0aGluaGRlc2lnbi53ZWJzaXRlXC93cC1jb250ZW50XC91cGxvYWRzXC8yMDIyXC8xMVwvTW9jay11cC1sb2dvLW5lbi1kZW4uanBnIn0%3D\">\n\t\t\t\t\t\t\t<img decoding=\"async\" src=\"https:\/\/quangthinhdesign.website\/wp-content\/uploads\/elementor\/thumbs\/Mock-up-logo-nen-den-pxvt4jo93v3a8yltz8frz3dqupc8lmi6cl7ddqsvx4.jpg\" title=\"Mock-up-logo-nen-den\" alt=\"Mock-up-logo-nen-den\" class=\"elementor-animation-grow\" \/>\t\t\t\t\t\t\t\t<\/a>\n\t\t\t\t\t\t\t\t\t\t\t\t\t\t\t<\/div>\n\t\t\t\t<\/div>\n\t\t\t\t<div class=\"elementor-element elementor-element-fa9c4ca elementor-widget elementor-widget-image\" data-id=\"fa9c4ca\" data-element_type=\"widget\" data-widget_type=\"image.default\">\n\t\t\t\t<div class=\"elementor-widget-container\">\n\t\t\t\t\t\t\t\t\t\t\t\t\t\t\t\t<a href=\"https:\/\/quangthinhdesign.website\/wp-content\/uploads\/2023\/07\/logo-Kawa-mk2.jpg\" data-elementor-open-lightbox=\"yes\" data-elementor-lightbox-title=\"logo-Kawa-mk2\" e-action-hash=\"#elementor-action%3Aaction%3Dlightbox%26settings%3DeyJpZCI6MTYyMywidXJsIjoiaHR0cHM6XC9cL3F1YW5ndGhpbmhkZXNpZ24ud2Vic2l0ZVwvd3AtY29udGVudFwvdXBsb2Fkc1wvMjAyM1wvMDdcL2xvZ28tS2F3YS1tazIuanBnIn0%3D\">\n\t\t\t\t\t\t\t<img decoding=\"async\" width=\"771\" height=\"571\" src=\"https:\/\/quangthinhdesign.website\/wp-content\/uploads\/2023\/07\/logo-Kawa-mk2.jpg\" class=\"elementor-animation-grow attachment-full size-full\" alt=\"\" srcset=\"https:\/\/quangthinhdesign.website\/wp-content\/uploads\/2023\/07\/logo-Kawa-mk2.jpg 771w, https:\/\/quangthinhdesign.website\/wp-content\/uploads\/2023\/07\/logo-Kawa-mk2-300x222.jpg 300w, https:\/\/quangthinhdesign.website\/wp-content\/uploads\/2023\/07\/logo-Kawa-mk2-768x569.jpg 768w, https:\/\/quangthinhdesign.website\/wp-content\/uploads\/2023\/07\/logo-Kawa-mk2-500x370.jpg 500w\" sizes=\"(max-width: 771px) 100vw, 771px\" \/>\t\t\t\t\t\t\t\t<\/a>\n\t\t\t\t\t\t\t\t\t\t\t\t\t\t\t<\/div>\n\t\t\t\t<\/div>\n\t\t\t\t<div class=\"elementor-element elementor-element-25c54c02 elementor-widget elementor-widget-image\" data-id=\"25c54c02\" data-element_type=\"widget\" data-widget_type=\"image.default\">\n\t\t\t\t<div class=\"elementor-widget-container\">\n\t\t\t\t\t\t\t\t\t\t\t\t\t\t\t\t<a href=\"https:\/\/quangthinhdesign.website\/wp-content\/uploads\/2022\/11\/logo-SRO-new-2.png\" data-elementor-open-lightbox=\"yes\" data-elementor-lightbox-title=\"logo-SRO-new-2\" e-action-hash=\"#elementor-action%3Aaction%3Dlightbox%26settings%3DeyJpZCI6OTc4LCJ1cmwiOiJodHRwczpcL1wvcXVhbmd0aGluaGRlc2lnbi53ZWJzaXRlXC93cC1jb250ZW50XC91cGxvYWRzXC8yMDIyXC8xMVwvbG9nby1TUk8tbmV3LTIucG5nIn0%3D\">\n\t\t\t\t\t\t\t<img decoding=\"async\" src=\"https:\/\/quangthinhdesign.website\/wp-content\/uploads\/elementor\/thumbs\/logo-SRO-new-2-pxvsyq1rylv1aljxc0g81nel2hvtq766s2p3rdsxjs.png\" title=\"logo-SRO-new-2\" alt=\"logo-SRO-new-2\" class=\"elementor-animation-grow\" \/>\t\t\t\t\t\t\t\t<\/a>\n\t\t\t\t\t\t\t\t\t\t\t\t\t\t\t<\/div>\n\t\t\t\t<\/div>\n\t\t\t\t<div class=\"elementor-element elementor-element-0a452ea elementor-widget elementor-widget-image\" data-id=\"0a452ea\" data-element_type=\"widget\" data-widget_type=\"image.default\">\n\t\t\t\t<div class=\"elementor-widget-container\">\n\t\t\t\t\t\t\t\t\t\t\t\t\t\t\t\t<a href=\"https:\/\/quangthinhdesign.website\/wp-content\/uploads\/2022\/11\/Kujira-logo-hop-den-3D-.jpg\" data-elementor-open-lightbox=\"yes\" data-elementor-lightbox-title=\"Kujira-logo-hop-den-3D-\" e-action-hash=\"#elementor-action%3Aaction%3Dlightbox%26settings%3DeyJpZCI6OTcxLCJ1cmwiOiJodHRwczpcL1wvcXVhbmd0aGluaGRlc2lnbi53ZWJzaXRlXC93cC1jb250ZW50XC91cGxvYWRzXC8yMDIyXC8xMVwvS3VqaXJhLWxvZ28taG9wLWRlbi0zRC0uanBnIn0%3D\">\n\t\t\t\t\t\t\t<img decoding=\"async\" src=\"https:\/\/quangthinhdesign.website\/wp-content\/uploads\/elementor\/thumbs\/Kujira-logo-hop-den-3D--pxvsxmkm6i7xjua1cedz4nj03td6ojmomiafx2396e.jpg\" title=\"Kujira-logo-hop-den-3D-\" alt=\"Kujira-logo-hop-den-3D-\" class=\"elementor-animation-grow\" \/>\t\t\t\t\t\t\t\t<\/a>\n\t\t\t\t\t\t\t\t\t\t\t\t\t\t\t<\/div>\n\t\t\t\t<\/div>\n\t\t\t\t\t<\/div>\n\t\t<\/div>\n\t\t\t\t<div class=\"elementor-column elementor-col-33 elementor-inner-column elementor-element elementor-element-914666f\" data-id=\"914666f\" data-element_type=\"column\">\n\t\t\t<div class=\"elementor-widget-wrap elementor-element-populated\">\n\t\t\t\t\t\t\t\t<div class=\"elementor-element elementor-element-2649485 elementor-widget elementor-widget-image\" data-id=\"2649485\" data-element_type=\"widget\" data-widget_type=\"image.default\">\n\t\t\t\t<div class=\"elementor-widget-container\">\n\t\t\t\t\t\t\t\t\t\t\t\t\t\t\t\t<a href=\"https:\/\/quangthinhdesign.website\/wp-content\/uploads\/2023\/09\/logo-P-scaled.jpg\" data-elementor-open-lightbox=\"yes\" data-elementor-lightbox-title=\"logo-P\" e-action-hash=\"#elementor-action%3Aaction%3Dlightbox%26settings%3DeyJpZCI6MTgxMiwidXJsIjoiaHR0cHM6XC9cL3F1YW5ndGhpbmhkZXNpZ24ud2Vic2l0ZVwvd3AtY29udGVudFwvdXBsb2Fkc1wvMjAyM1wvMDlcL2xvZ28tUC1zY2FsZWQuanBnIn0%3D\">\n\t\t\t\t\t\t\t<img decoding=\"async\" width=\"999\" height=\"2560\" src=\"https:\/\/quangthinhdesign.website\/wp-content\/uploads\/2023\/09\/logo-P-scaled.jpg\" class=\"elementor-animation-grow attachment-full size-full\" alt=\"\" srcset=\"https:\/\/quangthinhdesign.website\/wp-content\/uploads\/2023\/09\/logo-P-scaled.jpg 999w, https:\/\/quangthinhdesign.website\/wp-content\/uploads\/2023\/09\/logo-P-117x300.jpg 117w, https:\/\/quangthinhdesign.website\/wp-content\/uploads\/2023\/09\/logo-P-400x1024.jpg 400w, https:\/\/quangthinhdesign.website\/wp-content\/uploads\/2023\/09\/logo-P-768x1968.jpg 768w, https:\/\/quangthinhdesign.website\/wp-content\/uploads\/2023\/09\/logo-P-599x1536.jpg 599w, https:\/\/quangthinhdesign.website\/wp-content\/uploads\/2023\/09\/logo-P-799x2048.jpg 799w, https:\/\/quangthinhdesign.website\/wp-content\/uploads\/2023\/09\/logo-P-500x1282.jpg 500w\" sizes=\"(max-width: 999px) 100vw, 999px\" \/>\t\t\t\t\t\t\t\t<\/a>\n\t\t\t\t\t\t\t\t\t\t\t\t\t\t\t<\/div>\n\t\t\t\t<\/div>\n\t\t\t\t<div class=\"elementor-element elementor-element-ddab277 elementor-widget elementor-widget-image\" data-id=\"ddab277\" data-element_type=\"widget\" data-widget_type=\"image.default\">\n\t\t\t\t<div class=\"elementor-widget-container\">\n\t\t\t\t\t\t\t\t\t\t\t\t\t\t\t\t<a href=\"https:\/\/quangthinhdesign.website\/wp-content\/uploads\/2022\/11\/Lo-go-Viet-Cuong-Glass-663x1200-1.jpg\" data-elementor-open-lightbox=\"yes\" data-elementor-lightbox-title=\"Lo-go-Viet-Cuong-Glass-663x1200\" e-action-hash=\"#elementor-action%3Aaction%3Dlightbox%26settings%3DeyJpZCI6OTgzLCJ1cmwiOiJodHRwczpcL1wvcXVhbmd0aGluaGRlc2lnbi53ZWJzaXRlXC93cC1jb250ZW50XC91cGxvYWRzXC8yMDIyXC8xMVwvTG8tZ28tVmlldC1DdW9uZy1HbGFzcy02NjN4MTIwMC0xLmpwZyJ9\">\n\t\t\t\t\t\t\t<img decoding=\"async\" src=\"https:\/\/quangthinhdesign.website\/wp-content\/uploads\/elementor\/thumbs\/Lo-go-Viet-Cuong-Glass-663x1200-1-pxvt3j03ezfvlx0x2bisdrovltz0hww1vplu96wfxc.jpg\" title=\"Lo-go-Viet-Cuong-Glass-663&#215;1200\" alt=\"Lo-go-Viet-Cuong-Glass-663x1200\" class=\"elementor-animation-grow\" \/>\t\t\t\t\t\t\t\t<\/a>\n\t\t\t\t\t\t\t\t\t\t\t\t\t\t\t<\/div>\n\t\t\t\t<\/div>\n\t\t\t\t\t<\/div>\n\t\t<\/div>\n\t\t\t\t\t\t\t<\/div>\n\t\t<\/section>\n\t\t\t\t\t<\/div>\n\t\t<\/div>\n\t\t\t\t\t\t\t<\/div>\n\t\t<\/section>\n\t\t\t\t\t\t\t<\/div>\n\t\t","protected":false},"excerpt":{"rendered":"<p>Logo Logo l\u00e0 bi\u1ec3u t\u01b0\u1ee3ng t\u1ea1o h\u00ecnh th\u1ea9m m\u1ef9 c\u00f3 c\u1ea5u tr\u00fac ho\u00e0n ch\u1ec9nh ch\u1ee9a \u0111\u1ef1ng m\u1ed9t l\u01b0\u1ee3ng th\u00f4ng tin h\u00e0m s\u00fac bi\u1ec3u \u0111\u1ea1t n\u0103ng l\u1ef1c ho\u1ea1t \u0111\u1ed9ng c\u1ee7a m\u1ed9t c\u00f4ng ty, t\u1ed5 ch\u1ee9c, m\u1ed9t ho\u1ea1t \u0111\u1ed9ng (cu\u1ed9c thi, phong tr\u00e0o,&#8230;) hay m\u1ed9t ban nh\u00f3m. \u1ede Vi\u1ec7t Nam, logo\u00a0c\u00f2n \u0111\u01b0\u1ee3c g\u1ecdi l\u00e0\u00a0bi\u1ec3u tr\u01b0ng.<\/p>\n","protected":false},"author":1,"featured_media":0,"parent":56,"menu_order":0,"comment_status":"closed","ping_status":"closed","template":"","meta":{"om_disable_all_campaigns":false,"_monsterinsights_skip_tracking":false,"_monsterinsights_sitenote_active":false,"_monsterinsights_sitenote_note":"","_monsterinsights_sitenote_category":0,"footnotes":""},"class_list":["post-916","page","type-page","status-publish","hentry"],"aioseo_notices":[],"_links":{"self":[{"href":"https:\/\/quangthinhdesign.website\/index.php\/wp-json\/wp\/v2\/pages\/916","targetHints":{"allow":["GET"]}}],"collection":[{"href":"https:\/\/quangthinhdesign.website\/index.php\/wp-json\/wp\/v2\/pages"}],"about":[{"href":"https:\/\/quangthinhdesign.website\/index.php\/wp-json\/wp\/v2\/types\/page"}],"author":[{"embeddable":true,"href":"https:\/\/quangthinhdesign.website\/index.php\/wp-json\/wp\/v2\/users\/1"}],"replies":[{"embeddable":true,"href":"https:\/\/quangthinhdesign.website\/index.php\/wp-json\/wp\/v2\/comments?post=916"}],"version-history":[{"count":44,"href":"https:\/\/quangthinhdesign.website\/index.php\/wp-json\/wp\/v2\/pages\/916\/revisions"}],"predecessor-version":[{"id":1815,"href":"https:\/\/quangthinhdesign.website\/index.php\/wp-json\/wp\/v2\/pages\/916\/revisions\/1815"}],"up":[{"embeddable":true,"href":"https:\/\/quangthinhdesign.website\/index.php\/wp-json\/wp\/v2\/pages\/56"}],"wp:attachment":[{"href":"https:\/\/quangthinhdesign.website\/index.php\/wp-json\/wp\/v2\/media?parent=916"}],"curies":[{"name":"wp","href":"https:\/\/api.w.org\/{rel}","templated":true}]}}